 base 13, what is 6 - -88?
91
In base 9, what is -40 + 20?
-20
In base 9, what is -5 + -157?
-163
In base 5, what is 24012 - -31?
24043
In base 6, what is 220224 - 5?
220215
In base 10, what is -8 + 9?
1
In base 5, what is 1123 - 4?
1114
In base 9, what is 23 - 585?
-562
In base 16, what is 1208 + 2?
120a
In base 3, what is -111 - 10202?
-11020
In base 15, what is -3 + 20?
1c
In base 16, what is -139 + 17?
-122
In base 5, what is -3301 + 0?
-3301
In base 3, what is 2 + 1100001?
1100010
In base 6, what is 20 - 124?
-104
In base 10, what is 5 + -713?
-708
In base 10, what is -3690 + 1?
-3689
In base 3, what is -10012 - 1?
-10020
In base 14, what is -5 + 8a?
85
In base 10, what is 2 + 4?
6
In base 15, what is 9 + 35?
3e
In base 2, what is 11111 + -10?
11101
In base 5, what is 4002 - 1?
4001
In base 13, what is -ab - -1?
-aa
In base 11, what is -3 + -4?
-7
In base 12, what is 34 - 9?
27
In base 3, what is 10110202111 - 12?
10110202022
In base 15, what is 5 + -2c2e?
-2c29
In base 8, what is -400 - -66?
-312
In base 12, what is -3 - -292?
28b
In base 9, what is 8 + -165?
-156
In base 9, what is 1 + -352?
-351
In base 2, what is -11110011 + 100?
-11101111
In base 6, what is -310 + 15?
-251
In base 11, what is 10 - 36?
-26
In base 3, what is -100011 - 11?
-100022
In base 3, what is 2021200 - -10?
2021210
In base 4, what is -201 - -1310?
1103
In base 7, what is 0 + 63?
63
In base 15, what is 16 + -ad?
-97
In base 11, what is -8 + -44?
-51
In base 15, what is 1 - -4e?
50
In base 14, what is 2b4 + -7?
2ab
In base 6, what is 25252 - -3?
25255
In base 11, what is -22 - -26?
4
In base 8, what is 2 - -65?
67
In base 10, what is 3 - -1019?
1022
In base 14, what is -36 - -227?
1d1
In base 5, what is 1334 - -12?
1401
In base 9, what is -8260 + -2?
-8262
In base 4, what is 1112 + 31?
1203
In base 7, what is -223 - 4?
-230
In base 9, what is 5 - -226?
232
In base 6, what is 3255 + -4?
3251
In base 10, what is -80 + 1?
-79
In base 4, what is -2122 - 1?
-2123
In base 3, what is 1 - 102?
-101
In base 10, what is -5 + 679?
674
In base 16, what is 4 - -4a?
4e
In base 12, what is 8a + 0?
8a
In base 2, what is 101011110 - 101?
101011001
In base 16, what is 3 + 43?
46
In base 12, what is 336 + -5?
331
In base 9, what is -2 - -118?
116
In base 10, what is -59 + -8?
-67
In base 7, what is 12 - -3?
15
In base 12, what is 1 + -156?
-155
In base 15, what is -50d - -b?
-502
In base 7, what is 5 + -4154?
-4146
In base 5, what is 4333 + 1?
4334
In base 3, what is 1011000012 + -10?
1011000002
In base 9, what is -3 + 123?
120
In base 11, what is 75 - 49?
27
In base 6, what is -50502 + -5?
-50511
In base 5, what is 42 - 10411?
-10314
In base 9, what is -4 - 20?
-24
In base 15, what is -55 + 1?
-54
In base 5, what is -4 - -1?
-3
In base 2, what is 110001001 + -101?
110000100
In base 12, what is 34 + 0?
34
In base 7, what is -1 - -1150?
1146
In base 12, what is 135 + -1?
134
In base 13, what is 50 - -4?
54
In base 14, what is 3 - 3451?
-344c
In base 9, what is 66 - -2?
68
In base 12, what is 703 + -6?
6b9
In base 10, what is -161 - -4?
-157
In base 8, what is 3 + -41?
-36
In base 7, what is 11 + 642?
653
In base 7, what is 5 - -540?
545
In base 13, what is 1 - 135?
-134
In base 14, what is -13 + 5?
-c
In base 11, what is -21 - -2a?
9
In base 15, what is 14 + -2?
12
In base 14, what is 8 - -1bc6?
1bd0
In base 2, what is -101 - 11110101?
-11111010
In base 10, what is 287 + -2?
285
In base 15, what is 7 - -16?
1d
In base 12, what is -71 + -b?
-80
In base 10, what is -434 + 5?
-429
In base 11, what is -17 + -206?
-222
In base 11, what is 1492 + 2?
1494
In base 4, what is -2113 + 1?
-2112
In base 2, what is 11 + -1001?
-110
In base 13, what is -576 + 1?
-575
In base 3, what is -112110 + -1010?
-120120
In base 12, what is 86 + -1?
85
In base 2, what is 11010100 - -10001000?
101011100
In base 3, what is -1121 + -1101?
-2222
In base 8, what is -7 + -265?
-274
In base 13, what is 1c5 + -2?
1c3
In base 14, what is -1 - -3b?
3a
In base 2, what is -110001010 - 100?
-110001110
In base 14, what is -1 + 13?
12
In base 5, what is 10 - 1?
4
In base 5, what is -1134 - 4?
-1143
In base 10, what is 2533 - -3?
2536
In base 12, what is -635 + 17?
-61a
In base 10, what is 5 - -4?
9
In base 16, what is 122 - -6?
128
In base 16, what is -3 + 213?
210
In base 3, what is 111 + 1022?
1210
In base 16, what is -2 + -4c8?
-4ca
In base 5, what is -204 - -1?
-203
In base 14, what is 87 + -3?
84
In base 11, what is -50 + 13?
-38
In base 8, what is 2 - -2331?
2333
In base 15, what is 6 + -a?
-4
In base 11, what is -1 - 605?
-606
In base 7, what is 11215 + 0?
11215
In base 13, what is -369 - -3?
-366
In base 5, what is -211 - 4?
-220
In base 16, what is -5 + -47?
-4c
In base 9, what is 622 - 2?
620
In base 8, what is 5 - -2?
7
In base 13, what is 1 - -2495?
2496
In base 13, what is 7 - -c?
16
In base 13, what is 11616 + -5?
11611
In base 8, what is 0 + 516?
516
In base 11, what is 22 - 2?
20
In base 6, what is 23 + 44?
111
In base 15, what is 262 + -15?
24c
In base 8, what is -3 + 52?
47
In base 10, what is 8300 + 5?
8305
In base 14, what is -65 - 1?
-66
In base 16, what is 0 + -2b?
-2b
In base 15, what is -12 + b?
-6
In base 8, what is 5353 + -10?
5343
In base 8, what is -672 - 0?
-672
In base 10, what is -1 - -1236?
1235
In base 4, what is 11 + 11?
22
In base 11, what is 15 + 10?
25
In base 5, what is 200 + 0?
200
In base 7, what is 101 + -6?
62
In base 11, what is 2a + aa?
129
In base 15, what is -8 - 7c?
-85
In base 11, what is 57 + 1a?
76
In base 13, what is 2 + ba?
bc
In base 13, what is 2 + -c9?
-c7
In base 11, what is -186 + -61?
-237
In base 16, what is d7 + 9?
e0
In base 5, what is 33 + 332?
420
In base 11, what is -4 - -211a?
2116
In base 16, what is -2d + 1c7?
19a
In base 14, what is 9 + 6cd?
6d8
In base 7, what is 300 - -45?
345
In base 3, what is -10211012 - 1?
-10211020
In base 4, what is -11 + 1003?
332
In base 9, what is 1151 - 0?
1151
In base 8, what is -5 + -56?
-63
In base 5, what is -1 - -111320?
111314
In base 13, what is a7 - -3?
aa
In base 4, what is 311320 + 2?
311322
In base 4, what is -10 - 1031?
-1101
In base 10, what is 38 - 24?
14
In base 15, what is -6 + -4b?
-52
In base 6, what is 5 - 442?
-433
In base 6, what is -1 + 52?
51
In base 13, what is -22 - 1bc?
-211
In base 10, what is -257 - 4?
-261
In base 10, what is -33 - 10?
-43
In base 13, what is 11a - -19?
136
In base 15, what is -89c + -5?
-8a2
In base 9, what is -3 - 6?
-10
In base 6, what is 0 - 144?
-144
In base 3, what is -10 + -2?
-12
In base 5, what is 0 + 10?
10
In base 9, what is 24 - 52?
-27
In base 10, what is 21 - -117?
138
In base 8, what is -1 + 4107?
4106
In base 9, what is 0 + -746?
-746
In base 2, what is -1101001 + -1100011?
-11001100
In base 11, what is -3 - -174?
171
In base 5, what is -20 - -21310?
21240
In base 15, what is 66a - 1?
669
In base 3, what is -10211 + -121?
-11102
In base 14, what is 12d + 7?
136
In base 9, what is -603 + 4?
-588
In base 3, what is 1121 + -12?
1102
In base 13, what is 0 - 8a0?
-8a0
In base 14, what is 1d5 + 4?
1d9
In base 12, what is -58 + 11?
-47
In base 11, what is 11 + -13?
-2
In base 8, what is -75 - 14?
-111
In base 12, what is 3 + -15?
-12
In base 10, what is -5 + -31?
-36
In base 15, what is 1ab - -2?
1ad
In base 5, what is 14021 - -2?
14023
In base 3, what is -10112 - 1?
-10120
In base 9, what is 20 + 25?
45
In base 12, what is 6 - 30?
-26
In base 5, what is -43 - 112?
-210
In base 9, what is -115 - 57?
-173
In base 14, what is -3 + -41?
-44
In base 12, what is -897 + 3?
-894
In base 6, what is 4 + -1225?
-1221
In base 10, what is 2 - 30?
-28
In base 8, what is -25 + -3?
-30
In base 5, what is -10 - -142?
132
In base 15, what is 3a - -66?
a1
In base 4, what is 10 - 200?
-130
In base 11, what is 5 - 54?
-4a
In base 5, what is 42331 + -11?
42320
In base 14, what is -11b + -14?
-131
In base 5, what is -400 + 401?
1
In base 15, what is 13 - 43?
-30
In base 2, what is 101100 - -100001?
1001101
In base 10, what is -1 - -321?
320
In base 6, what is 211454 + 2?
211500
In base 16, what is 1 - -1057?
1058
In base 12, what is -a9 - 6?
-b3
In base 5, what is 1 + -2202?
-2201
In base 9, what is 1433 - -21?
1454
In base 5, what is -10332 - -23?
-10304
In base 4, what is -221 + -11?
-232